387?
6
What is the hundred millions digit of 2179491511?
1
What is the tens digit of 10633235?
3
What is the tens digit of 162618589?
8
What is the hundred thousands digit of 163879558?
8
What is the thousands digit of 2563352851?
2
What is the tens digit of 44360366?
6
What is the millions digit of 45342218?
5
What is the units digit of 359200366?
6
What is the millions digit of 1452084617?
2
What is the millions digit of 10861529?
0
What is the tens digit of 51277412?
1
What is the ten thousands digit of 398707009?
0
What is the millions digit of 279319351?
9
What is the units digit of 24734711?
1
What is the hundred thousands digit of 294322738?
3
What is the ten millions digit of 101961947?
0
What is the units digit of 27256845?
5
What is the millions digit of 173140694?
3
What is the thousands digit of 11439614?
9
What is the ten millions digit of 1076108041?
7
What is the hundred thousands digit of 5027009?
0
What is the units digit of 473273363?
3
What is the ten millions digit of 1092678610?
9
What is the thousands digit of 35404155?
4
What is the hundreds digit of 1711292375?
3
What is the billions digit of 4946393141?
4
What is the thousands digit of 3803543?
3
What is the thousands digit of 50336393?
6
What is the tens digit of 19847610?
1
What is the thousands digit of 183075669?
5
What is the tens digit of 1172740285?
8
What is the thousands digit of 50959461?
9
What is the hundred thousands digit of 47107256?
1
What is the hundred millions digit of 330944238?
3
What is the hundred thousands digit of 1155887509?
8
What is the hundreds digit of 260395535?
5
What is the tens digit of 163886546?
4
What is the thousands digit of 51329661?
9
What is the hundreds digit of 159859791?
7
What is the thousands digit of 29865000?
5
What is the units digit of 353226652?
2
What is the ten thousands digit of 189998087?
9
What is the hundred thousands digit of 1980659600?
6
What is the ten thousands digit of 1219318204?
1
What is the ten millions digit of 222934390?
2
What is the thousands digit of 652448991?
8
What is the millions digit of 1571718304?
1
What is the hundred thousands digit of 43298189?
2
What is the millions digit of 235869707?
5
What is the tens digit of 127454?
5
What is the millions digit of 5318981447?
8
What is the thousands digit of 928076474?
6
What is the hundreds digit of 3374108443?
4
What is the ten millions digit of 315655316?
1
What is the ten millions digit of 379188645?
7
What is the hundreds digit of 6844696?
6
What is the thousands digit of 1644924227?
4
What is the tens digit of 32084379?
7
What is the hundred thousands digit of 3342761586?
7
What is the hundreds digit of 1187584699?
6
What is the hundred millions digit of 472681937?
4
What is the tens digit of 319268318?
1
What is the millions digit of 1397769052?
7
What is the millions digit of 297766528?
7
What is the tens digit of 177327805?
0
What is the units digit of 68026405?
5
What is the billions digit of 1544670197?
1
What is the tens digit of 287710455?
5
What is the hundred thousands digit of 598080479?
0
What is the ten thousands digit of 61739157?
3
What is the ten millions digit of 169944563?
6
What is the millions digit of 188518797?
8
What is the hundreds digit of 176160093?
0
What is the hundreds digit of 559685000?
0
What is the ten millions digit of 280486309?
8
What is the ten thousands digit of 300912889?
1
What is the tens digit of 102788224?
2
What is the ten thousands digit of 33787775?
8
What is the ten millions digit of 28631485?
2
What is the ten millions digit of 293100987?
9
What is the billions digit of 1309535984?
1
What is the thousands digit of 2008394785?
4
What is the thousands digit of 2619645762?
5
What is the hundreds digit of 234527174?
1
What is the hundred thousands digit of 74384108?
3
What is the hundreds digit of 1381550088?
0
What is the ten thousands digit of 712923299?
2
What is the thousands digit of 79548084?
8
What is the thousands digit of 57688963?
8
What is the units digit of 536539267?
7
What is the units digit of 542091374?
4
What is the hundred millions digit of 1287071543?
2
What is the tens digit of 4175456?
5
What is the millions digit of 123586020?
3
What is the millions digit of 1927745310?
7
What is the millions digit of 27402281?
7
What is the ten millions digit of 861361469?
6
What is the millions digit of 4268565748?
8
What is the ten thousands digit of 39883819?
8
What is the tens digit of 3045516?
1
What is the tens digit of 3910584154?
5
What is the thousands digit of 5604008202?
8
What is the millions digit of 131368362?
1
What is the units digit of 4062507778?
8
What is the ten millions digit of 808964690?
0
What is the ten thousands digit of 130429487?
2
What is the thousands digit of 229226026?
6
What is the ten millions digit of 281306723?
8
What is the billions digit of 1497047791?
1
What is the ten thousands digit of 54319926?
1
What is the hundred thousands digit of 422057109?
0
What is the hundreds digit of 4694981?
9
What is the hundred thousands digit of 337138884?
1
What is the ten millions digit of 5392831388?
9
What is the hundred thousands digit of 23923749?
9
What is the ten millions digit of 3369635741?
6
What is the units digit of 67197382?
2
What is the hundreds digit of 1435693755?
7
What is the thousands digit of 44088310?
8
What is the ten thousands digit of 3684268884?
6
What is the ten thousands digit of 74590663?
9
What is the hundred millions digit of 1587686179?
5
What is the ten millions digit of 48337336?
4
What is the units digit of 117716237?
7
What is the tens digit of 3175022255?
5
What is the ten millions digit of 18003350?
1
What is the ten thousands digit of 684058615?
5
What is the units digit of 1431285752?
2
What is the millions digit of 75544283?
5
What is the millions digit of 5194847980?
4
What is the hundred millions digit of 2755041278?
7
What is the hundreds digit of 35216719?
7
What is the ten thousands digit of 40478644?
7
What is the millions digit of 4995984?
4
What is the hundred millions digit of 867726871?
8
What is the thousands digit of 1182334244?
4
What is the millions digit of 3487562661?
7
What is the ten thousands digit of 21677309?
7
What is the ten millions digit of 143148783?
4
What is the thousands digit of 352640?
2
What is the tens digit of 898226195?
9
What is the ten millions digit of 130218473?
3
What is the ten millions digit of 915889132?
1
What is the hundreds digit of 48973637?
6
What is the units digit of 594663721?
1
What is the ten thousands digit of 2960032609?
3
What is the tens digit of 410498572?
7
What is the millions digit of 299415255?
9
What is the millions digit of 214521372?
4
What is the tens digit of 402323054?
5
What is the ten thousands digit of 334539999?
3
What is the hundred thousands digit of 2900677224?
6
What is the millions digit of 682866521?
2
What is the millions digit of 3925794320?
5
What is the hundred millions digit of 3918660259?
9
What is the hundred thousands digit of 337648035?
6
What is the hundreds digit of 438833229?
2
What is the units digit of 42967410?
0
What is the thousands digit of 34273178?
3
What is the ten thousands digit of 375084991?
8
What is the hundred thousands digit of 38584800?
5
What is the ten thousands digit of 25875151?
7
What is the units digit of 4139385875?
5
What is the millions digit of 74351242?
4
What is the hundred thousands digit of 56471197?
4
What is the thousands digit of 43323225?
3
What is the hundred thousands digit of 1317403786?
4
What is the hundreds digit of 239333633?
6
What is the hundreds digit of 4083219550?
5
What is the hundred thousands digit of 756120180?
1
What is the hundreds digit of 6351223533?
5
What is the hundred thousands digit of 14609884?
6
What is the hundred thousands digit of 22118550?
1
What is the ten millions digit of 10451555?
1
What is the ten thousands digit of 3998356170?
5
What is the hundreds digit of 151728061?
0
What is the hundreds digit of 36584384?
3
What is the ten millions digit of 3060446542?
6
What is the ten millions digit of 520475783?
2
What is the units digit of 236100391?
1
What is the hundred thousands digit of 190838852?
8
What is the ten thousands digit of 245504520?
0
What is the thousands dig